*g = -2*k + 6 - 22, 2*g = 3*k + 4. Let v(a) = a**3 - 2*a**2 - 4*a - 7. Determine v(g).
48
Let n(r) = 3*r + 5. Let s be (8/12)/(5/(-15)). Determine n(s).
-1
Let m(g) = 3*g + 16. Let a be m(-11). Let c = a + 21. Let p(b) = 0*b**3 + b**3 - 2*b + 2*b - 2 + 4*b - c*b**2. What is p(3)?
1
Let g(b) = 13*b**2 - 6*b**2 - 7*b**2 + b**2 + 12 - 8*b. What is g(8)?
12
Let h(k) = -5*k**3 + 35*k**2 + 5*k - 7. Let v(f) = 2*f**3 - 12*f**2 - 2*f + 2. Let t(w) = -3*h(w) - 8*v(w). What is t(-9)?
-4
Let g(h) be the second derivative of h**4/12 + 5*h**3/3 - 11*h**2/2 + 53*h + 2. What is g(-11)?
0
Let p(q) be the second derivative of q**4/12 + 7*q**3/6 - 3*q**2/2 + 2*q - 129. What is p(-7)?
-3
Let x = 8 + 11. Let l = x + -15. Suppose -l*d = -5*n - 7, d - 2*d + 3 = 0. Let f(t) = 6*t**3 + t. Give f(n).
7
Let a(o) = o**3 + 6*o**2 - 14*o - 41. Let v be a(-7). Let b(i) = i**3 - 9*i**2 + 7*i - 2. Determine b(v).
-10
Let b(m) = -5*m**2 + 15*m - 4. Let i(q) = 9*q**2 - 29*q + 6. Let z(j) = -11*b(j) - 6*i(j). Give z(-8).
0
Let k(l) = -l**3 + 7*l**2 + 2*l - 6. Let c = 32 - 27. Suppose 0 = c*v + z - 35 - 0, -v = 5*z - 7. Give k(v).
8
Suppose -15 + 20 = -5*n. Let r be 4 + 6/3*n. Let u(z) = r + 68*z - 36*z - 33*z. What is u(0)?
2
Let h = 216 - 216. Let n(t) be the second derivative of 0*t**3 - 1/12*t**4 + h - 1/2*t**2 + 4*t. Determine n(0).
-1
Let p(b) = b**3 + 11*b**2 + 12*b + 9. Let t = -39 + 33. Let f(i) = 3*i**2 + 21*i + 8. Let d be f(t). Calculate p(d).
-11
Suppose -2*s + 64 = 2*n - 22, 196 = 4*n - 4*s. Let z = n - 51. Let i(l) = -l**3 - 4*l**2 + 3*l - 4. Give i(z).
6
Let j(n) = 2*n**2 + n - 7. Let x(s) = -s + 1. Let t(r) = -j(r) - 4*x(r). Let c = 5 + -7. Determine t(c).
-11
Let n(v) = -12 + 5628*v + 0*v**2 - 5613*v + v**2 + 3. Give n(-15).
-9
Let g(x) = 11*x**2 - 2*x + 3. Let s(v) = v**2 - v + 1. Let z(o) = -g(o) + 3*s(o). Let q = 30 + -31. What is z(q)?
-7
Suppose -2*v + 6 = -v. Let s be -1 - (-3)/(v + -3). Let c be 10/(-5)*(-2 - s). Let x(w) = 3*w - 6. What is x(c)?
6
Let h(f) = -4*f**2 + 2. Let o(r) = -8*r - 56. Let x be o(-7). Suppose x = -2*k - 0 - 4. Determine h(k).
-14
Let z(m) = 4*m - 1. Let c(v) = -v**3 + 8*v**2 + 2*v - 6. Let l be c(8). Suppose 3*h - 2*r = 19, -h + 21 = h - 3*r. Suppose h*b - l = -2*b. Calculate z(b).
7
Let t(q) = q**3 + q**2 + q + 2. Suppose -10*w = -5*w + 10. Calculate t(w).
-4
Let p(k) be the third derivative of k**9/60480 - k**8/3360 + k**6/720 + k**5/3 - 12*k**2. Let h(w) be the third derivative of p(w). What is h(5)?
-24
Let t(d) = 3*d - 8*d**3 - d**2 - 8*d - 1 + 3*d. Let b(p) = p**3 + 3*p**2 - 4*p - 1. Let a be b(-4). Determine t(a).
8
Let r = -13 + 21. Let w(p) = 9*p**2 - 28*p - 51. Let v(y) = -5*y**2 + 15*y + 28. Let x(u) = -7*v(u) - 4*w(u). Calculate x(r).
0
Let y(i) be the second derivative of i**4/12 - 7*i**3/6 + 2*i**2 + 2*i - 4. Calculate y(6).
-2
Let c(q) be the first derivative of q**3/3 - q**2/2 + 2*q + 1. Let j be c(-2). Let y(v) = -6*v + v**3 + 7 - j + 4 - 3*v**2. Determine y(4).
-5
Let r(k) be the third derivative of -k**7/840 + k**5/60 + k**4/8 - k**3/3 + 17*k**2. Let x(b) be the first derivative of r(b). Give x(-2).
7
Let r be 20/25*(-5)/(-2). Let n(b) = -b**r + 11*b**3 + 52*b - 52*b. Determine n(-1).
-12
Let l(z) be the first derivative of -z**3/3 - 5*z**2/2 - 2*z + 232. Calculate l(-6).
-8
Let u(p) be the second derivative of -7/6*p**3 + p**2 + 0 + p + 1/12*p**4. Let x be 3*((-1)/3 - -2). Determine u(x).
-8
Let d be 1/(-4) - 51/(-12). Let f be (-2 - 0)*-2*3. Let z(g) = g + 1 - f*g + 12*g. What is z(d)?
5
Let v(x) = -3*x**3 - 4*x**2 - 3*x - 2. Suppose -37 = -3*r + 26. Let w = r + -17. Suppose 0 = -5*h - q - 6 + 1, -w*h - 13 = -q. Give v(h).
12
Let y(o) be the third derivative of o**4/12 - 5*o**3/6 + 7*o**2 + 3*o. Give y(8).
11
Let r(t) be the second derivative of -t**3/3 + 3*t**2 - 4*t - 8. What is r(7)?
-8
Let n(s) = s + 6. Let l(a) be the first derivative of -a**2/2 - 7*a - 11. Let q(j) = -5*l(j) - 6*n(j). Calculate q(-4).
3
Let d(c) = 4*c**2 - 5*c - 2. Let j be d(-2). Suppose 5*g + j = 9*g. Let n(a) = a**3 - 6*a**2 - 2. Give n(g).
-2
Let j be (0 + 2/(-6))/((-52)/156). Let i(s) = -10*s**2 + 1. Determine i(j).
-9
Let h = 9 - 7. Let o(p) be the first derivative of p**4/2 - 2*p**3/3 + p**2 + p - 29. Calculate o(h).
13
Let x = -31 + 36. Let d = x - 0. Let v(q) = -q**2 + 5*q + 1. Determine v(d).
1
Let g(a) = a**2 + a - 1. Let n(y) = -9*y - 1. Let f(u) = -g(u) - n(u). Calculate f(9).
-7
Let q(o) = o**3 - 2*o**2 + 3*o - 2*o - o**2 - 2. Let z be q(3). Let l(b) = -b**2 - 2*b - 5. Let f(d) = d**2 + 1. Let c(w) = z*l(w) + 2*f(w). Calculate c(-2).
5
Let q(v) be the third derivative of -v**4/24 + v**3/6 + 3*v**2. Let y = 407 - 404. Calculate q(y).
-2
Suppose 2*k - 20 = -4*b, k - 13 = -2*b - b. Let j(v) = -v**3 + 4*v**2 - 2*v - 7. Determine j(k).
-15
Let k(i) = -i**3 + 5*i**2 - 6*i + 4. Suppose 2*x - 120 = -3*x. Suppose -5*n - 4 = -x. What is k(n)?
-4
Let p(l) = 19 + 0*l + 2*l + 24*l - 28*l + 5. Give p(14).
-4
Let b(g) = 13*g**3 - 24*g**2 - 30*g + 43. Let t(o) = -5*o**3 + 8*o**2 + 10*o - 15. Let i(w) = 3*b(w) + 8*t(w). Give i(-6).
-3
Suppose 41*g - 452 = 81. Let d(s) = -s**2 + 15*s - 24. Determine d(g).
2
Let k(q) = q**3 + 32*q**2 + 88*q + 27. Let i be k(-29). Let a(o) = -o**3 + o**2 - o - 4. Determine a(i).
10
Let b(m) = -m - 3 + 7 - m. Let n(l) = -2*l - 4. Let c(f) = -f. Let d(y) = -3*c(y) + n(y). Let s(q) = 5*b(q) + 6*d(q). Give s(-3).
8
Let o(c) = c. Suppose -4*p - 11 = -2*z + 5*z, -4*z = 3*p + 3. Let r(j) = -2*j**2 - 10*j. Let a be r(p). Determine o(a).
0
Let w(l) = -4*l**3 - 8*l**2 + 4. Let x(v) = -15*v**2 - 7*v**3 + 71 + 0*v**2 - 62. Let b(k) = -5*w(k) + 3*x(k). What is b(-5)?
7
Let w(y) = 50*y**3 + 5*y**2 - 98*y**3 + 49*y**3 - 5. Suppose -3*p = 3*s + 69, 2*s + 3*p + 1 = -50. Let m = 13 + s. Determine w(m).
-5
Let c be (-28)/(2/(-1)) + 3. Let r = -15 + c. Let z(v) = -5*v + 8. Let w be z(r). Let t(h) = 3*h**2 - h. Calculate t(w).
14
Let t(a) be the first derivative of -a**3/6 - a**2/2 + 2*a - 3. Let f(x) be the first derivative of t(x). Let s = 13 - 8. What is f(s)?
-6
Let c(u) = -8*u - 2 - 2 - u**2 + 1. Let w be c(-7). Let h(y) = w - y - 6 + 3. What is h(-3)?
4
Let n(z) = z + 9. Let m(x) = x + 11. Let g(f) = -4*m(f) + 5*n(f). Give g(2).
3
Let a(f) be the third derivative of -f**7/5040 - f**6/180 + f**5/4 + 20*f**2. Let y(t) be the third derivative of a(t). Give y(0).
-4
Let q be 26/8 + -3 + 108/16. Let k(h) = -h**3 + 8*h**2 - 8*h + 9. What is k(q)?
2
Let v(q) be the first derivative of q**2/2 - 5*q + 2. Let a be 6/(-2 - -1) + -393 + 395. Determine v(a).
-9
Let j(w) = -2*w - 55. Let s(d) = -d - 18. Let p(u) = 3*j(u) - 8*s(u). Let i be p(9). Let q(m) = 1 + m - 1. What is q(i)?
-3
Let b(z) = 10 - 27*z**2 + z**3 + 20*z**2 + 24*z**2 + 17*z. Let q be b(-16). Let w(a) = a**2 + 6*a. Determine w(q).
0
Let g(b) = b**3 - 20*b**2 - 3*b + 52. Let j be g(20). Let h(m) = -m**3 - 8*m**2 + 4. Determine h(j).
4
Let z(t) = -2*t**2 + 5*t - 4. Let b(w) = 7*w**2 + 34*w - 2. Let x be b(-5). What is z(x)?
-7
Let x be -2 + (-35)/(-5) - (3 - 0). Let d be 6 - (0 - (-7 - -3)). Let c(i) = 0*i**d - x + 18*i - 18*i + i**3 - i**2. Calculate c(0).
-2
Suppose -759 = -39*q - 330. Let b(r) = r**2 - 13*r + 14. Determine b(q).
-8
Suppose 22 = 2*s + 4*k, 3*s - 8*s + 15 = 2*k. Let y(f) = -f + 7. Let z(a) = 7 - 7 + 2 - 3. Let p(i) = s*y(i) + 6*z(i). Calculate p(0).
1
Let f be 1/2*(-6 + 0) + 2. Let g(m) be the first derivative of -m**3 - m**2/2 - m - 2. Give g(f).
-3
Let u(l) be the first derivative of -l**3/3 + 4*l**2 + 4*l - 180. Determine u(6).
16
Let m = 19 + -10. Let v(k) = 0*k**2 - 3*k**2 - 3*k**2 - 6*k + m*k**2 + k**3 + 5. Suppose 3*x + 0*x + 15 = 0. Give v(x).
-15
Let r(i) = -i**3 - 2*i**2 + 4*i + 7. Let l be r(-3). Let a(f) = -8*f**2 + 5*f + 5. Let v(g) = -g**2 + g + 1. Let j(t) = l*v(t) - a(t). Calculate j(-1).
4
Suppose -2*j + 4 = 5*k - 20, 4*j + 18 = k. Let b be (-2)/8*0 - -2. Let p(v) = 114 - b*v - v - 107. Calculate p(k).
-11
Let w(r) = r**2 + 7*r + 8. Let p be w(-6). Let h(u) = u + 6*u**p - 5*u**2 - 5*u**2. Give h(1).
-3
Suppose 4 = 2*c + 4*n, 4*c + 5*n - 2 = 3. Let g be (2 + 3/(-2))*18. Let m(d) = d - 3 + 0 - g + 3. What is m(c)?
-9
Let l(d) = -d**3 + d**2 - d - 10. Suppose 4*c = -0*c. Let y(g) = c*g - 6*g - 5*g - g + g**2. Let f be y(12). Give l(f).
-